. Calculate the remainder when l is divided by 7.
4
Suppose 5145*b = 5357*b - 3180. Let x = 262 - -110. What is the remainder when x is divided by b?
12
Suppose 3*w - 27*w - 43 = -1243. Suppose 3*h - 66 = -5*n + 2*h, 4*n = -2*h + 54. Calculate the remainder when w is divided by n.
11
Suppose -45 = 4*g - 509. Let j(z) = 11*z - 386. Calculate the remainder when g is divided by j(39).
30
Let g = 160 - 80. Suppose 61 = 3*f + 2*t, 4*f + 2*t - g = -2*t. Let v = 14 + f. Calculate the remainder when v is divided by 13.
9
Let p(g) = -2*g**2 - 2*g - 5. Let k be p(-4). Let a = -26 - k. What is the remainder when 22 is divided by a?
1
Suppose 139 = 2*u + h, -5*h + 15 = -0. Let y be ((-4)/10)/((-11)/110). Let s(o) = o**3 - 5*o**2 + 9*o - 6. What is the remainder when u is divided by s(y)?
12
Let c(t) = 13*t**3 - 6*t**2 + 13. Let b = 33 + -13. What is the remainder when c(2) is divided by b?
13
Let m be 7 + (-189)/36 + (-2)/(-8). Let p(y) = 2*y**3 - 4*y**2 - 1. Calculate the remainder when p(3) is divided by 3 - -7 - m*3.
1
Let r = -236 - -263. Suppose r = 11*s - 2*s. Calculate the remainder when 22 is divided by s.
1
What is the remainder when 0*(-2)/4 - -82 is divided by 2/(-29) - 9840/(-1392)?
5
Let s = -4491 - -5870. Calculate the remainder when s is divided by 44.
15
Let m(l) = -l**2 + 32*l - 112. Suppose -15 + 204 = 9*d. What is the remainder when m(d) is divided by 6?
5
Let z(i) = 11 - 124*i + 4 + 253*i - 127*i. Let r = 364 - 212. Calculate the remainder when r is divided by z(12).
35
Suppose 0*z + z = 25. Suppose -40 = 13*c + z. Let d = c - -11. Calculate the remainder when 23 is divided by d.
5
Let v(i) = -2*i**3 + 109*i**2 + 55*i + 137. What is the remainder when v(55) is divided by 81?
56
Let r(a) = -10*a**2 - a. Let j be r(0). Let b be (-4)/(-10) + (-804)/(-15). Suppose 6*s = -j*s + b. Calculate the remainder when 31 is divided by s.
4
Suppose 0 = 52*d - 26*d - 33*d + 133. Suppose -44 - 12 = -7*o. What is the remainder when d is divided by o?
3
Suppose -83 = -2*j + 91. Suppose -188*d - 90 = -190*d. Suppose -164*t + 161*t = -d. What is the remainder when j is divided by t?
12
Let z be ((-68)/51)/(12/(-27)). Suppose 3*x + 232 = 5*c, c - 3*c + z*x + 100 = 0. Calculate the remainder when c is divided by 15.
14
Let b = -3182 + 3434. Calculate the remainder when 7810 is divided by b.
250
Let v be -4 - (2 + 1 + -147). Suppose -b + 6*o = 2*o - 67, 2*b = 2*o + v. Calculate the remainder when 708 is divided by b.
69
Let u be ((-138)/12)/(2/(-4)). Suppose -u*z - 5 = -22*z. Calculate the remainder when 6 is divided by 1 + z/(-15)*6.
0
Let z(f) = -3*f**2 + f + 2. Let g be z(1). Suppose 40*a = -g*a + 720. Calculate the remainder when 55 is divided by a.
1
Calculate the remainder when -6*((-16)/10 - 317/30) is divided by ((-33)/2)/(-1)*2.
7
Suppose 2*h + 121 = -87. Let y = -102 - h. Suppose -n + 63 = 2*n - 3*u, 0 = y*n + 4*u - 72. What is the remainder when n is divided by 11?
4
What is the remainder when 1691 is divided by 2/7 - (-195)/(-91)*(-308)/42?
11
Let o be ((-3)/30*-5)/(1/234). Suppose -4*n + o = 21. Calculate the remainder when (-1424)/(-10) - 39/(-65) is divided by n.
23
Calculate the remainder when 1158*1/3 + 14 is divided by 29.
23
Let n(w) = 3*w**2 + 90*w - 7. Let b be n(-31). Suppose -b = 7*a - 499. What is the remainder when a is divided by 7 - 2*(-2)/(-4)?
5
Let y(w) = -3*w**3 - 2*w**2 - 5*w - 11. Let h be y(-6). Let t = -567 + h. What is the remainder when 90 is divided by t?
6
Let r(f) = 39*f**2. Let y = -482 + 807. Let m = y - 316. What is the remainder when r(1) is divided by m?
3
Suppose -2*b = -b - i - 26, i = 1. Suppose -5*q + 45 = -5*o, 3*o = -q + 2*q - 7. Let a(z) = 3*z - 15. What is the remainder when b is divided by a(q)?
12
Suppose 66*r + 948168 = 86*r + 84*r. What is the remainder when r is divided by 10?
7
Suppose -2*y + 5*a = -46, -a - 33 = -3*y + 10. Let g(h) = h**3 + 2*h**2 - 2*h + 2. What is the remainder when g(4) is divided by y?
12
Let c be 1358/20 - (-2)/20. Suppose 4*u - 48 = c. Calculate the remainder when 142 is divided by u.
26
Let m = -3600 + 4364. What is the remainder when m is divided by 202?
158
What is the remainder when (-9)/63 + (-10884)/(-42) is divided by 58?
27
Let o(s) = 5*s**2 - s + 1. Let a(n) = n**2 - 272*n + 7808. Calculate the remainder when a(240) is divided by o(2).
14
Let l = -2038 + 2651. What is the remainder when l is divided by 301?
11
Let u(l) = l - 1. Let x(h) = 17*h + 5. Let d(i) = -3*u(i) - x(i). Calculate the remainder when 67 is divided by d(-1).
13
Suppose 749 - 281 = 9*g. Let x(f) = 7*f - 80. Calculate the remainder when g is divided by x(14).
16
Suppose -3*d = 2*y - 29, 4*y - 3*d + 56 = 159. What is the remainder when 112 is divided by (-1)/(-2) + -8 + 1441/y?
54
Let f = 5568 + -5181. What is the remainder when f is divided by 182?
23
Suppose -2*w + 543 = -683. What is the remainder when w is divided by 119?
18
Calculate the remainder when 3223 is divided by 22/(-6) + 136780/2931.
41
Let f = -969 - -981. Suppose -5*w + 0*y = 2*y - 21, 2*y + 3 = 3*w. Calculate the remainder when ((-8)/f)/(w/(-63)) is divided by 3.
2
What is the remainder when ((-1)/((-2)/671))/((-36)/(-72)) is divided by 96?
95
Suppose -5*i + 43 = 41 - 53. Suppose -k = -5*k + 20. Suppose 7*l - 175 = 3*l + p, -2*p + 209 = k*l. What is the remainder when l is divided by i?
10
What is the remainder when 1283 is divided by (-7)/35*37*60/(-4)?
62
Let h = 145 - 85. Let a = h - 18. What is the remainder when 77 is divided by (-6)/(-14) - ((-1452)/a - 5)?
37
Let a(j) = 44*j**2 - 15 - 65*j**2 + 97 - j**3 + j + 2*j. Calculate the remainder when 34 is divided by a(-21).
15
Let i(s) = 0 - 3 - 14 + 3*s + 2. Let r be i(11). Let b = r - -85. Calculate the remainder when b is divided by 18.
13
Suppose 0 = -2*m + 4*w + 138, 234*w + 267 = 5*m + 237*w. Calculate the remainder when 384 is divided by m.
42
Suppose 0 = 5*w - 176 - 179. Let c = -289 + 326. What is the remainder when w is divided by c?
34
Suppose -5*t = -9*t + 8, -y - 2*t + 7 = 0. Suppose -2*u - 4*o = -160, -y*o - 8 = -23. Calculate the remainder when u is divided by 25.
20
Let c = -15880 + 15898. What is the remainder when 2026 is divided by c?
10
Let d be 10/(-3)*(-375)/10. Suppose 422 = -5*g + z, -2*g - d = 4*z + 35. What is the remainder when 4/(-8) - 3/2 - g is divided by 43?
39
Suppose 0 = -2*n - 2*j + 188, 5*j + 74 = n + j. Suppose 0*a + n = 3*l + 3*a, -3*a - 15 = 0. What is the remainder when l is divided by 7/(-16*(-14)/640)?
15
Let k be (-2)/(-8) + (2695/28)/11. What is the remainder when (-3)/(3/(-29) - (9 - k)) is divided by 16?
13
Suppose d + 1420 = 27*c - 22*c, 5*d = 4*c - 1136. Calculate the remainder when c is divided by 42.
32
Suppose 4*s - 15*s = -6*s. Suppose -28*r + 38*r - 1710 = s. What is the remainder when r is divided by 53?
12
Suppose 0 = 5*u + 10 - 45. Suppose 2*b = -m - 0*b + 64, 2*m = 5*b + 83. Calculate the remainder when m is divided by u.
5
Let k(o) = -11*o + 1334. What is the remainder when k(38) is divided by 132?
124
Let y(q) = -q**2 + 2*q + 213. Let l be y(0). Suppose -9*o + 75 = -l. What is the remainder when 89 is divided by o?
25
Let k(a) = a + 14. Let c(l) = -2*l - 13. Let i(w) = -6*c(w) - 7*k(w). Let m be 3 + 0 - (-1)/((-2)/(-6)). What is the remainder when 48 is divided by i(m)?
8
Suppose -29*z + 10 + 19 = 0. What is the remainder when 285 is divided by 36/(z - -3 - (-1 + 4))?
33
Suppose -5*w + 1655 = -5*t, -5*w + 1697 = 5*t + 42. Calculate the remainder when w is divided by -12 + 10 + 85 + 0*2/(-4).
82
Let u be 1 - 20/(-15)*-12. Let b = u + 20. Suppose b*n - 971 + 306 = 0. What is the remainder when n is divided by 27?
25
Suppose 52*l + 4*f = 54*l - 394, 0 = -3*l + 2*f + 603. Suppose 0 = 4*t, 3*t + 2*t = -2*g + 24. Calculate the remainder when l is divided by g.
11
Let p = -17997 + 18164. What is the remainder when p is divided by 72?
23
Let f(k) = -728*k - 10058. Calculate the remainder when f(-14) is divided by 11.
2
Let p(g) = g**2 - 13*g - 16. Let k be p(14). Calculate the remainder when ((-2)/(-7) + k)/((-21)/392) is divided by 1/2*13*2.
6
Suppose -z - 4 = 0, -2*r - 4*z = 3*r + 1. Calculate the remainder when r is divided by -1 + -3 - (2 + -2 + -6).
1
Let u = -15310 + 17179. Calculate the remainder when u is divided by 85.
84